or of 60 and y.
12
Let r(v) = 6*v**3 + v**2 - 2*v + 2. Let k be r(2). Let h = -33 + k. What is the highest common divisor of h and 17?
17
Let j = 6 - -10. Calculate the greatest common factor of 40 and j.
8
Let a = 7 - 2. Suppose -5*i - 36 = -2*w - a, i + 13 = -3*w. Let l be i/(-9) - 8/(-36). Calculate the greatest common factor of l and 5.
1
Suppose 4*v - f = 4 + 5, -v = -f. What is the highest common divisor of v and 24?
3
Suppose -4*g + 38 = 3*j, 9*j - 4*j = 2*g + 20. Suppose -j*n + 5*n + 36 = 0. What is the highest common divisor of 4 and n?
4
Suppose 2*b + 2*b - 36 = 0. What is the greatest common factor of b and 81?
9
Let c be (-1)/((-1)/40 - 0). Let g be 1/1*c - 0. Let b be (4/(-6))/(10/(-75)). Calculate the greatest common factor of b and g.
5
Let n be (-60)/8*4/(-6). Suppose -3*f + 29 = i + 4, -3 = -f + n*i. Let r be 2/1 - (-54 + 0). Calculate the highest common divisor of r and f.
8
Let f(x) = x**2 - x + 3. Let b be f(-6). What is the greatest common divisor of 5 and b?
5
Suppose -x - 3*x + 224 = 0. Suppose -16 = 4*o, 3*o = -4*b + 6*o + x. Calculate the greatest common divisor of b and 22.
11
Let h(f) = -f**2 - f - 4. Let b be h(0). Let p(g) = -2*g + 4. Let x be p(b). What is the greatest common factor of x and 84?
12
Let b = 26 + -17. Let t = 297 + -198. What is the greatest common divisor of t and b?
9
Let d(t) = 6*t**3 + t**2 - t + 1. Let h be d(1). Let k = 1 + h. Calculate the greatest common factor of 1 and k.
1
Let d = -15 + 22. What is the greatest common factor of 77 and d?
7
Let z(u) = -u - 7. Let t be z(-13). Suppose t*f - 2*f = 540. What is the greatest common factor of f and 15?
15
Let h = -4 - -8. Let d = 21 - 4. Suppose -o + 3*f = -3*o + d, 4*f + 8 = 5*o. Calculate the highest common divisor of h and o.
4
Suppose 5*p - 233 = 152. Let f(b) = 2*b - 3. Let i be f(7). What is the highest common divisor of p and i?
11
Let q = 11 - 5. Let s(v) = 2*v. Let x be s(q). What is the greatest common factor of x and 60?
12
Let n(u) = u + 11. Let h be n(0). Calculate the highest common divisor of 121 and h.
11
Let z be ((-2)/4)/((-2)/1172). Suppose -m + 62 = -0*m - 3*x, -4*m + 3*x + z = 0. What is the greatest common factor of m and 11?
11
Let v(x) = -3*x - 2. Let i be v(-2). Suppose -5*k = -r + 11 + i, 5*r - 5*k = 35. What is the highest common divisor of r and 20?
5
Let k = -9 - 3. Let l be (-6 - k)*(-10)/(-3). What is the highest common factor of l and 4?
4
Let k = -78 + 359. Suppose 5*a - k + 61 = 0. Calculate the greatest common divisor of a and 4.
4
Suppose -2*q + 5*o - 11 = 0, -6*q + 2*q + 20 = 4*o. Let s be q/(-9) + 3572/36. Let j be 6 + 6*2/4. Calculate the greatest common divisor of j and s.
9
Suppose 5*a + 0*a = 15. Suppose -4*l - 66 = 3*m - 189, 4*l - 144 = 4*m. Calculate the highest common factor of a and l.
3
Suppose -5*y + 48 = 18. What is the greatest common divisor of y and 21?
3
Let p(t) = 7*t - 9 - t + 3 - t. Let c be p(4). Calculate the highest common divisor of 7 and c.
7
Let o be (-1)/((-1)/(-1)) - -6. Suppose 3*p - o*c = 32, 0*p - 4*c + 14 = 2*p. Suppose 4*j = 27 - 3. What is the greatest common factor of p and j?
3
Let r be ((-9)/(-4))/((-12)/(-544)). Let j = 169 - r. Suppose j - 220 = -5*o + b, 2*o - 2*b = 66. What is the greatest common factor of 15 and o?
15
Let x = -13 + 35. Calculate the greatest common factor of x and 33.
11
Let m = 1 - 4. Let i = 1 - m. Calculate the greatest common divisor of i and 24.
4
Let h be (210/63)/(2/81). Calculate the greatest common factor of h and 15.
15
Let i(y) = -y**3 + 6*y**2 + 5*y + 5. Let c be i(6). Suppose -6*b + c = -b. Suppose -2*a + 28 + 42 = 0. What is the highest common divisor of b and a?
7
Let d(x) = x**2 - 4*x. Let g be d(8). Let l = g - 12. Suppose -l = -0*s - s. Calculate the highest common factor of 80 and s.
20
Let n be (-2)/(-5) + 58/5. Let v(q) = q + 2. Let c(f) = 6*f + 15. Let b(w) = 2*c(w) - 15*v(w). Let p be b(-1). Calculate the highest common factor of p and n.
3
Let o(u) = u**2 - 4*u - 8. Let j be o(-6). Suppose -11*k + 1038 = -392. What is the highest common factor of k and j?
26
Suppose 10 = 6*l - l. Let p(i) = 16*i. Let m be p(1). Suppose 5*g - g - m = 0, 0 = l*d + 3*g - 40. Calculate the highest common factor of 56 and d.
14
Let l = 36 - 33. Calculate the highest common divisor of 2 and l.
1
Let c(j) = 5*j**2 + j + 1. Let m be c(-1). What is the highest common factor of m and 5?
5
Suppose -7 - 25 = -4*c. Suppose 2*v - 4*o - 12 = 0, -3*v - c*o - 4 = -3*o. Let q be 0 - (-1 + -7)/1. What is the greatest common divisor of v and q?
2
Suppose 145 = 3*c - 5*q + 37, 3*c - q - 108 = 0. What is the highest common divisor of c and 24?
12
Suppose -2*k = 3*k. Suppose 5*g + s = -43, -2*g + k*g - 12 = 3*s. Let n be ((-6)/g)/((-2)/(-27)). What is the highest common divisor of 99 and n?
9
Suppose 0 = 4*f + f + 5*a - 190, -148 = -4*f - 3*a. Suppose -t + f = j, -j - 2*j - 68 = -2*t. What is the highest common divisor of 51 and t?
17
Suppose -4*w - 24 = -40. Let a(l) = -l + 1. Let y be a(-1). Calculate the highest common divisor of y and w.
2
Suppose -3*g + 107 + 76 = -4*p, 4*g + 2*p - 222 = 0. Calculate the greatest common factor of 19 and g.
19
Suppose 1571 + 1005 = 8*n. Calculate the greatest common factor of n and 14.
14
Suppose n - 45 = 5*d, 109 = 5*n - 5*d - 116. Calculate the highest common divisor of 18 and n.
9
Let b be (6/(-10))/(2/(-10)). Suppose -b*p + 2*p - 6 = 0. Let r be (-4)/p + 320/24. What is the greatest common factor of 14 and r?
14
Let x be (54/4 + 1)*2. Let a = x + -18. Calculate the greatest common divisor of 1 and a.
1
Let l(k) = -k**2 + 14*k - 12. Let p be l(10). Suppose 88 = 5*b + p. Calculate the greatest common factor of 84 and b.
12
Let x(q) = 3*q + 6. Let i be x(8). What is the greatest common factor of 6 and i?
6
Suppose -2*b - 5 = -7. What is the highest common divisor of 5 and b?
1
Let l(s) = 5*s**2 + 3*s + 2. Let h be l(3). Let c = -32 + h. Let t = 13 - 7. Calculate the greatest common divisor of c and t.
6
Suppose -5*n + 345 = -1130. Let s = n - 197. Calculate the highest common factor of s and 14.
14
Let i = 7 + -5. Suppose 1 = -i*d + 29. Let v = d - 9. Calculate the highest common divisor of v and 20.
5
Let o be (162/(-4))/(6/(-8)). Suppose 4*d = -3*h + 53, -d + 9 = h - 7. Suppose 4*c - 13 = h. Calculate the greatest common factor of c and o.
6
Suppose 5*b - 4*h = -303, 2*h + 153 = -3*b - 42. Let w = b - -123. Calculate the greatest common factor of w and 12.
12
Let o = -109 + 168. Let c = o - 27. Let i = 4 + 0. What is the greatest common factor of c and i?
4
Suppose -10 = -10*v + 8*v. What is the greatest common divisor of v and 45?
5
Let m(p) = p**2 - 8*p - 7. Let t be m(-7). What is the greatest common factor of 14 and t?
14
Let q be 44/(-8)*-4*1. Let y = q - 19. What is the highest common divisor of y and 1?
1
Suppose 4*j = 146 + 54. Suppose 5*b + c + c = 215, -j = -b + c. Calculate the greatest common factor of b and 30.
15
Let w be 4/(-10) + 351/15. Suppose 0 - 4 = 4*s, -s = 3*z - 2. Let g = z + w. What is the greatest common divisor of g and 3?
3
Let b(d) = -d**3 + 12*d**2 - 10*d - 10. Suppose 7 = p - 4. Let f be b(p). Let j = -3 + 4. Calculate the greatest common divisor of f and j.
1
Suppose -4*y = 4*m - 464, 4*m = -2*y + 552 - 96. Calculate the highest common divisor of 7 and m.
7
Let w = 8 - 5. Suppose -w*n = -4*c - 4*n + 291, 4*c - 293 = n. Suppose -c = 4*k - 333. What is the greatest common divisor of k and 26?
13
Suppose -752 = 7*u - 9*u. What is the highest common factor of u and 47?
47
Let f = 7 - -15. Suppose -5*p + 13 = -f. Let z(l) = l**2 + 5. Let o be z(-4). What is the greatest common factor of p and o?
7
Let s = -11 - -17. Let f(t) be the second derivative of 5*t**3/2 + 4*t**2 + 7*t. Let y be f(s). What is the greatest common divisor of y and 14?
14
Suppose 0*g - 72 = -4*g. Suppose 0 = 2*v - 75 - 105. Suppose 4*h + 18 - v = 0. What is the greatest common factor of h and g?
18
Let u be (3 - 2)*34/2. Suppose 2*l - 4 = -0*l. Let j be (-1)/l*(-34 - 0). What is the highest common factor of j and u?
17
Let l(z) = 33*z**2 - 4*z - 3. Let y be l(-3). Let u be 51/((-6)/3 + (-14)/(-4)). What is the greatest common factor of u and y?
34
Let x(g) = 2*g - 13. Let a be x(10). Suppose o + 0*o = a. Suppose 2*p + 5 = o*